e number?
False
Is 142771 a composite number?
False
Is 3629 composite?
True
Is 2237 a prime number?
True
Is 11294 prime?
False
Is 18847 composite?
True
Is 21055 prime?
False
Is 208303 prime?
False
Is 21874 composite?
True
Is 17555 prime?
False
Is 412817 composite?
True
Is 38177 prime?
True
Is 25841 composite?
False
Is 2426163 composite?
True
Is 8147 prime?
True
Is 22247 a prime number?
True
Is 89949 composite?
True
Is 203057 prime?
True
Is 599647 prime?
False
Is 57047 a prime number?
True
Is 34097 a prime number?
False
Is 3266803 prime?
False
Is 4677 a prime number?
False
Is 236833 a prime number?
False
Is 2342 a prime number?
False
Is 300437 composite?
True
Is 1799223 a prime number?
False
Is 5963 composite?
True
Is 1561409 a prime number?
False
Is 46419 a prime number?
False
Is 124521 a prime number?
False
Is 384817 a prime number?
True
Is 43867 a prime number?
True
Is 506453 a prime number?
False
Is 1150493 a prime number?
False
Is 56053 composite?
False
Is 229085 a prime number?
False
Is 6893 a prime number?
False
Is 6931 composite?
True
Is 588067 composite?
True
Is 977 composite?
False
Is 13069 composite?
True
Is 319013 composite?
True
Is 3205 prime?
False
Is 35314 composite?
True
Is 16729 composite?
False
Is 1993 a prime number?
True
Is 217057 composite?
False
Is 22719 a prime number?
False
Is 473633 composite?
False
Is 181361 a prime number?
True
Is 5989 a composite number?
True
Is 1693 prime?
True
Is 15802 prime?
False
Is 47087 a prime number?
True
Is 1927249 a prime number?
True
Is 42899 composite?
False
Is 790943 a composite number?
True
Is 21869 a prime number?
False
Is 155867 composite?
True
Is 5045 a prime number?
False
Is 9094 composite?
True
Is 631447 composite?
True
Is 634319 composite?
True
Is 287515 composite?
True
Is 29989 composite?
False
Is 1501 composite?
True
Is 212285 a composite number?
True
Is 22303 a composite number?
False
Is 461467 prime?
True
Is 14189 prime?
False
Is 117803 a prime number?
False
Is 34667 a composite number?
False
Is 864553 a composite number?
True
Is 65605 composite?
True
Is 1335319 a prime number?
True
Is 20077 prime?
False
Is 4201 composite?
False
Is 5839 a prime number?
True
Is 1082 a composite number?
True
Is 19793 a composite number?
False
Is 67205 a composite number?
True
Is 242863 prime?
True
Is 39367 a composite number?
False
Is 1076557 composite?
False
Is 6089 composite?
False
Is 146513 composite?
False
Is 62089 composite?
True
Is 7249 composite?
True
Is 543437 prime?
False
Is 368827 a composite number?
True
Is 14221 composite?
False
Is 713 a composite number?
True
Is 3623105 a prime number?
False
Is 31531 composite?
False
Is 638639 a prime number?
False
Is 2563 prime?
False
Is 100051 prime?
False
Is 933923 a composite number?
False
Is 210803 composite?
False
Is 397219 prime?
False
Is 14073 composite?
True
Is 102587 a composite number?
False
Is 8903 prime?
False
Is 36227 composite?
True
Is 29429 prime?
True
Is 3337 a prime number?
False
Is 406309 prime?
True
Is 17891 composite?
False
Is 7 prime?
True
Is 57457 prime?
True
Is 625609 a composite number?
False
Is 46821 composite?
True
Is 571003 prime?
False
Is 28801 prime?
False
Is 15817 composite?
False
Is 492967 a prime number?
True
Is 12295 prime?
False
Is 8791 composite?
True
Is 7753 a composite number?
False
Is 16462 composite?
True
Is 1304659 prime?
True
Is 3509221 composite?
False
Is 14101 a composite number?
True
Is 821494 prime?
False
Is 111161 composite?
True
Is 720173 a composite number?
False
Is 4283 a prime number?
True
Is 1031 a prime number?
True
Is 1709 composite?
False
Is 1709827 composite?
True
Is 201673 prime?
True
Is 58567 composite?
False
Is 2369 composite?
True
Is 1050089 a prime number?
False
Is 19829 composite?
True
Is 28415 a composite number?
True
Is 346513 a prime number?
False
Is 6319 a composite number?
True
Is 195191 composite?
True
Is 941 a composite number?
False
Is 199601 a prime number?
True
Is 410471 composite?
True
Is 79913 composite?
True
Is 29269 prime?
True
Is 58567 composite?
False
Is 202021 prime?
True
Is 1619819 a composite number?
True
Is 3030191 a composite number?
False
Is 36509 a prime number?
False
Is 32063 composite?
False
Is 166373 prime?
False
Is 19013 a prime number?
True
Is 112163 composite?
False
Is 18923 prime?
False
Is 380239 prime?
False
Is 28349 a prime number?
True
Is 16957 a prime number?
False
Is 3226 a prime number?
False
Is 1115 a composite number?
True
Is 23849 a prime number?
False
Is 16087 a prime number?
True
Is 346169 prime?
True
Is 536027 a composite number?
True
Is 402443 composite?
False
Is 36961 a prime number?
False
Is 89221 a composite number?
True
Is 196531 a prime number?
False
Is 167074 a prime number?
False
Is 1605509 a prime number?
True
Is 194693 prime?
False
Is 213713 a composite number?
False
Is 36433 a composite number?
False
Is 144791 composite?
False
Is 195422 composite?
True
Is 2085571 a composite number?
True
Is 920947 a prime number?
True
Is 370471 a prime number?
True
Is 12661 a composite number?
True
Is 7493 prime?
False
Is 275419 a composite number?
False
Is 480911 a composite number?
False
Is 5669 a composite number?
False
Is 94811 prime?
True
Is 23365 a prime number?
False
Is 77447 prime?
True
Is 500807 a composite number?
False
Is 51893 a prime number?
True
Is 188905 a prime number?
False
Is 160861 composite?
False
Is 530947 composite?
False
Is 181123 composite?
False
Is 25405 prime?
False
Is 85165 composite?
True
Is 54071 composite?
True
Is 10279 a composite number?
True
Is 6163 composite?
False
Is 1014029 composite?
False
Is 358351 prime?
False
Is 1847 a prime number?
True
Is 90445 a composite number?
True
Is 5123 prime?
False
Is 124385 a prime number?
False
Is 2709835 a composite number?
True
Is 83081 prime?
False
Is 1753 a prime number?
True
Is 23251 a prime number?
True
Is 53299 prime?
True
Is 26303 a prime number?
False
Is 85379 composite?
True
Is 17783 a composite number?
False
Is 837409 a prime number?
True
Is 34913 composite?
False
Is 160729 prime?
False
Is 15107 a prime number?
True
Is 4885 prime?
False
Is 129233 a composite number?
True
Is 402739 a composite number?
False
Is 166351 a composite number?
False
Is 201767 prime?
True
Is 120691 prime?
True
Is 7859 a composite number?
True
Is 13517 composite?
True
Is 13957 composite?
True
Is 89431 prime?
True
Is 6599 a composite number?
False
Is 189547 a composite number?
False
Is 677309 prime?
True
Is 36121 prime?
False
Is 1711 prime?
False
Is 9511 a composite number?
False
Is 1114 a composite number?
True
Is 460451 a composite number?
False
Is 1069777 a composite number?
False
Is 5027 a prime number?
False
Is 32105 a prime number?
False
Is 77869 prime?
False
Is 5153 a prime number?
True
Is 31013 prime?
True
Is 3907 a composite number?
False
Is 419673 prime?
False
Is 700955 a prime number?
False
Is 4919 composite?
False
Is 26669 composite?
False
Is 609473 prime?
False
Is 382013 prime?
False
Is 5581 composite?
False
Is 6247 composite?
False
Is 8651 composite?
True
Is 83833 prime?
True
Is 2289895 a prime number?
False
Is 3251 composite?
False
Is 40987 composite?
True
Is 144659 a composite number?
False
Is 10249 a composite number?
True
Is 7193 a prime number?
True
Is 2323 composite?
True
Is 599929 prime?
False
Is 117587 composite?
True
Is 32041 composite?
True
Is 10427 composite?
False
Is 674669 a prime number?
True
Is 7069 prime?
True
Is 1733 prime?
True
Is 1571953 prime?
True
Is 11947 composite?
True
Is 1937 prime?
False
Is 1204883 a prime number?
True
Is 109423 a prime number?
True
Is 551179 prime?
True
Is 5663 prime?
False
Is 45943 a prime number?
True
Is 598973 a composite number?
False
Is 53733 a prime number?
False
Is 26177 a composite number?
False
Is 54709 composite?
False
Is 29703 composite?
True
Is 2640103 prime?
False
Is 24323 a composite number?
True
Is 52707 a composite number?
True
Is 18803 prime?
True
Is 3047 composite?
True
Is 3407 prime?
True
Is 329 a composite number?
True
Is 453029 composite?
False
Is 39607 a prime number?
True
Is 56517 prime?
False
Is 488651 a prime number?
True
Is 69319 a prime number?
False
Is 57719 a prime number?
True
Is 3313411 composite?
False
Is 17965 prime?
False
Is 205319 a prime number?
True
Is 1117729 a composite number?
False
Is 479 composite?
